{"id":13,"date":"2012-12-12T10:23:06","date_gmt":"2012-12-12T10:23:06","guid":{"rendered":"http:\/\/test.ctfc.cat\/?page_id=13"},"modified":"2014-11-06T21:21:10","modified_gmt":"2014-11-06T21:21:10","slug":"photo-galery","status":"publish","type":"page","link":"https:\/\/woodtech-project.eu\/?page_id=13","title":{"rendered":"Photo Gallery"},"content":{"rendered":"<p>Reuniones de proyecto<\/p>\n<ul>\n<li><a href=\"https:\/\/woodtech-project.eu\/?page_id=161http:\/\/\">Kick-off meeting (noviembre 2012)<\/a><\/li>\n<li><a href=\"https:\/\/woodtech-project.eu\/?page_id=256\">Firma acuerdo de concesi\u00f3n de fondos FEDER<\/a><\/li>\n<li><a title=\"Meeting Montpellier\" href=\"https:\/\/woodtech-project.eu\/?page_id=461\">Meeting Montpellier (mayo 2013)<\/a><\/li>\n<li><a title=\"Meeting Lisboa\" href=\"https:\/\/woodtech-project.eu\/?page_id=451\">Meeting Lisboa (noviembre 2013)<\/a><\/li>\n<li>Meeting Valencia (junio 2014)<\/li>\n<\/ul>\n<p><a title=\"V\u00eddeos\" href=\"https:\/\/woodtech-project.eu\/?page_id=418\">V\u00eddeos<\/a> <a title=\"Making of\" href=\"https:\/\/woodtech-project.eu\/?page_id=563\">V\u00eddeos Making of<\/a> Ferias y eventos<\/p>\n<ul>\n<li><a title=\"FIMMA_MADERALIA_VALENCIA\" href=\"https:\/\/woodtech-project.eu\/?page_id=479\">Fimma-Maderalia, febrer 2014 Valencia<\/a><\/li>\n<li><a title=\"ECOBUILD_LONDRES_MARZO_2014\" href=\"https:\/\/woodtech-project.eu\/?page_id=468\">Ecobuild: Londres, marzo 2014 (fuera del espacio SUDOE)<\/a><\/li>\n<li><a title=\"ERIAFF_HAZI_BRUSELAS_20_MAYO\" href=\"https:\/\/woodtech-project.eu\/?page_id=476\">ERIAFF: Bruselas, 20 mayo<\/a><\/li>\n<\/ul>\n<p>PRODUCTOS:<\/p>\n<ul>\n<li><a title=\"incafust\" href=\"https:\/\/woodtech-project.eu\/?page_id=658\">PERFIL LAMINADO ENCOLADO DE PINO NEGRO (INCAFUST)<\/a><\/li>\n<li><a title=\"CIRAD\" href=\"https:\/\/woodtech-project.eu\/?page_id=656\">CARRELETS LAMELL\u00c9S-COLL\u00c9S- ABOUT\u00c9S EN PIN MARITIME DES C\u00c9VENNES (CIRAD)<\/a><\/li>\n<li>TechOak \u2013 PAVIMENTO MULTICAMADAS DE MADEIRA E CORTI\u00c7A (ISA)<\/li>\n<li><a title=\"AIDIMA-Encina\" href=\"https:\/\/woodtech-project.eu\/?page_id=654\">PAVIMENTO DE MADERA INTERIOR DE ENCINA (AIDIMA)<\/a><\/li>\n<li><a title=\"AIDIMA-Pino\" href=\"https:\/\/woodtech-project.eu\/?page_id=655\">PERFILES DE MADERA PARA\u00a0EXTERIOR DE PINO\u00a0CARRASCO (AIDIMA)<\/a><\/li>\n<li><a title=\"HAZI\" href=\"https:\/\/woodtech-project.eu\/?page_id=657\">SE\u00d1ALES\u00a0DE TR\u00c1FICO DE MADERA DE PINO\u00a0RADIATA (HAZI)<\/a><\/li>\n<\/ul>\n<p><\/p>","protected":false},"excerpt":{"rendered":"<p>Reuniones de proyecto Kick-off meeting (noviembre 2012) Firma acuerdo de concesi\u00f3n de fondos FEDER Meeting Montpellier (mayo 2013) Meeting Lisboa (noviembre 2013) Meeting Valencia (junio 2014) V\u00eddeos V\u00eddeos Making of Ferias y eventos Fimma-Maderalia, febrer 2014 Valencia Ecobuild: Londres, marzo 2014 (fuera del espacio SUDOE) ERIAFF: Bruselas, 20 mayo PRODUCTOS: PERFIL LAMINADO ENCOLADO DE PINO [&hellip;]<\/p>\n","protected":false},"author":1,"featured_media":0,"parent":0,"menu_order":5,"comment_status":"closed","ping_status":"closed","template":"","meta":{"ngg_post_thumbnail":0},"_links":{"self":[{"href":"https:\/\/woodtech-project.eu\/index.php?rest_route=\/wp\/v2\/pages\/13"}],"collection":[{"href":"https:\/\/woodtech-project.eu\/index.php?rest_route=\/wp\/v2\/pages"}],"about":[{"href":"https:\/\/woodtech-project.eu\/index.php?rest_route=\/wp\/v2\/types\/page"}],"author":[{"embeddable":true,"href":"https:\/\/woodtech-project.eu\/index.php?rest_route=\/wp\/v2\/users\/1"}],"replies":[{"embeddable":true,"href":"https:\/\/woodtech-project.eu\/index.php?rest_route=%2Fwp%2Fv2%2Fcomments&post=13"}],"version-history":[{"count":39,"href":"https:\/\/woodtech-project.eu\/index.php?rest_route=\/wp\/v2\/pages\/13\/revisions"}],"predecessor-version":[{"id":659,"href":"https:\/\/woodtech-project.eu\/index.php?rest_route=\/wp\/v2\/pages\/13\/revisions\/659"}],"wp:attachment":[{"href":"https:\/\/woodtech-project.eu\/index.php?rest_route=%2Fwp%2Fv2%2Fmedia&parent=13"}],"curies":[{"name":"wp","href":"https:\/\/api.w.org\/{rel}","templated":true}]}}

<p>Reuniones de proyecto</p>
<ul>
<li><a href="https://woodtech-project.eu/?page_id=161http://">Kick-off meeting (noviembre 2012)</a></li>
<li><a href="https://woodtech-project.eu/?page_id=256">Firma acuerdo de concesión de fondos FEDER</a></li>
<li><a title="Meeting Montpellier" href="https://woodtech-project.eu/?page_id=461">Meeting Montpellier (mayo 2013)</a></li>
<li><a title="Meeting Lisboa" href="https://woodtech-project.eu/?page_id=451">Meeting Lisboa (noviembre 2013)</a></li>
<li>Meeting Valencia (junio 2014)</li>
</ul>
<p><a title="Vídeos" href="https://woodtech-project.eu/?page_id=418">Vídeos</a> <a title="Making of" href="https://woodtech-project.eu/?page_id=563">Vídeos Making of</a> Ferias y eventos</p>
<ul>
<li><a title="FIMMA_MADERALIA_VALENCIA" href="https://woodtech-project.eu/?page_id=479">Fimma-Maderalia, febrer 2014 Valencia</a></li>
<li><a title="ECOBUILD_LONDRES_MARZO_2014" href="https://woodtech-project.eu/?page_id=468">Ecobuild: Londres, marzo 2014 (fuera del espacio SUDOE)</a></li>
<li><a title="ERIAFF_HAZI_BRUSELAS_20_MAYO" href="https://woodtech-project.eu/?page_id=476">ERIAFF: Bruselas, 20 mayo</a></li>
</ul>
<p>PRODUCTOS:</p>
<ul>
<li><a title="incafust" href="https://woodtech-project.eu/?page_id=658">PERFIL LAMINADO ENCOLADO DE PINO NEGRO (INCAFUST)</a></li>
<li><a title="CIRAD" href="https://woodtech-project.eu/?page_id=656">CARRELETS LAMELLÉS-COLLÉS- ABOUTÉS EN PIN MARITIME DES CÉVENNES (CIRAD)</a></li>
<li>TechOak – PAVIMENTO MULTICAMADAS DE MADEIRA E CORTIÇA (ISA)</li>
<li><a title="AIDIMA-Encina" href="https://woodtech-project.eu/?page_id=654">PAVIMENTO DE MADERA INTERIOR DE ENCINA (AIDIMA)</a></li>
<li><a title="AIDIMA-Pino" href="https://woodtech-project.eu/?page_id=655">PERFILES DE MADERA PARA EXTERIOR DE PINO CARRASCO (AIDIMA)</a></li>
<li><a title="HAZI" href="https://woodtech-project.eu/?page_id=657">SEÑALES DE TRÁFICO DE MADERA DE PINO RADIATA (HAZI)</a></li>
</ul>
<p></p>

<p>Reuniones de proyecto Kick-off meeting (noviembre 2012) Firma acuerdo de concesión de fondos FEDER Meeting Montpellier (mayo 2013) Meeting Lisboa (noviembre 2013) Meeting Valencia (junio 2014) Vídeos Vídeos Making of Ferias y eventos Fimma-Maderalia, febrer 2014 Valencia Ecobuild: Londres, marzo 2014 (fuera del espacio SUDOE) ERIAFF: Bruselas, 20 mayo PRODUCTOS: PERFIL LAMINADO ENCOLADO DE PINO [&hellip;]</p>
