{"id":7,"date":"2012-12-12T10:22:31","date_gmt":"2012-12-12T10:22:31","guid":{"rendered":"http:\/\/test.ctfc.cat\/?page_id=7"},"modified":"2014-06-12T06:55:56","modified_gmt":"2014-06-12T06:55:56","slug":"objetivos","status":"publish","type":"page","link":"https:\/\/woodtech-project.eu\/?page_id=7","title":{"rendered":"Objetivos"},"content":{"rendered":"<p><\/p>\n<p style=\"text-align: justify;\">Los principales objetivos marcados en este proyecto son:<\/p>\n<ol>\n<li style=\"text-align: justify;\">Desarrollar 4 nuevos productos elaborados con madera de especies forestales que procedan de bosques del espacio SUDOE<\/li>\n<li style=\"text-align: justify;\">Poner a disposici\u00f3n de las PYMES estos productos innovados para su explotaci\u00f3n comercial<\/li>\n<li style=\"text-align: justify;\">Promocionar y divulgar estos nuevos productos tanto al sector como a la sociedad. Transferir los conocimientos y la tecnolog\u00eda generada<\/li>\n<li style=\"text-align: justify;\">Capacitar y dar herramientas de emprendedur\u00eda a las PYMES y fomentar la creaci\u00f3n de ocupaci\u00f3n<\/li>\n<li style=\"text-align: justify;\">Crear una red de cooperaci\u00f3n entre las PYMES interesadas y los <em>socios<\/em> del proyecto<\/li>\n<\/ol>\n<p><\/p>","protected":false},"excerpt":{"rendered":"<p>Los principales objetivos marcados en este proyecto son: Desarrollar 4 nuevos productos elaborados con madera de especies forestales que procedan de bosques del espacio SUDOE Poner a disposici\u00f3n de las PYMES estos productos innovados para su explotaci\u00f3n comercial Promocionar y divulgar estos nuevos productos tanto al sector como a la sociedad. Transferir los conocimientos y [&hellip;]<\/p>\n","protected":false},"author":1,"featured_media":0,"parent":391,"menu_order":2,"comment_status":"closed","ping_status":"closed","template":"","meta":{"ngg_post_thumbnail":0},"_links":{"self":[{"href":"https:\/\/woodtech-project.eu\/index.php?rest_route=\/wp\/v2\/pages\/7"}],"collection":[{"href":"https:\/\/woodtech-project.eu\/index.php?rest_route=\/wp\/v2\/pages"}],"about":[{"href":"https:\/\/woodtech-project.eu\/index.php?rest_route=\/wp\/v2\/types\/page"}],"author":[{"embeddable":true,"href":"https:\/\/woodtech-project.eu\/index.php?rest_route=\/wp\/v2\/users\/1"}],"replies":[{"embeddable":true,"href":"https:\/\/woodtech-project.eu\/index.php?rest_route=%2Fwp%2Fv2%2Fcomments&post=7"}],"version-history":[{"count":9,"href":"https:\/\/woodtech-project.eu\/index.php?rest_route=\/wp\/v2\/pages\/7\/revisions"}],"predecessor-version":[{"id":415,"href":"https:\/\/woodtech-project.eu\/index.php?rest_route=\/wp\/v2\/pages\/7\/revisions\/415"}],"up":[{"embeddable":true,"href":"https:\/\/woodtech-project.eu\/index.php?rest_route=\/wp\/v2\/pages\/391"}],"wp:attachment":[{"href":"https:\/\/woodtech-project.eu\/index.php?rest_route=%2Fwp%2Fv2%2Fmedia&parent=7"}],"curies":[{"name":"wp","href":"https:\/\/api.w.org\/{rel}","templated":true}]}}