{"id":9,"date":"2012-12-12T10:22:43","date_gmt":"2012-12-12T10:22:43","guid":{"rendered":"http:\/\/test.ctfc.cat\/?page_id=9"},"modified":"2014-08-13T10:09:59","modified_gmt":"2014-08-13T10:09:59","slug":"partners","status":"publish","type":"page","link":"https:\/\/woodtech-project.eu\/?page_id=9","title":{"rendered":"Partners"},"content":{"rendered":"<p><\/p>\n<p style=\"text-align: justify;\">\u201cLos socios del proyecto son 8 instituciones de 7 regiones del espacio SUDOE de 3 pa\u00edses (Espa\u00f1a, Francia, Portugal):\u201d<\/p>\n<table width=\"50%\" border=\"0\">\n<tbody>\n<tr>\n<td><img decoding=\"async\" loading=\"lazy\" class=\"alignnone size-full wp-image-60\" alt=\"logo_CTFC_color_R\" src=\"https:\/\/woodtech-project.eu\/wp-content\/uploads\/logo_CTFC_color_R.png\" width=\"100\" height=\"37\" \/><\/td>\n<td><a href=\"http:\/\/www.ctfc.cat\" target=\"_blank\">CTFC<\/a>&#8211; Centre Tecnol\u00f2gic Forestal de Catalunya (Catalunya, ES) &#8211; <span style=\"text-decoration: underline;\">L\u00edder coordinador del proyecto<\/span><\/td>\n<\/tr>\n<tr>\n<td><img decoding=\"async\" loading=\"lazy\" class=\"alignnone size-full wp-image-63\" alt=\"incafust\" src=\"https:\/\/woodtech-project.eu\/wp-content\/uploads\/incafust.png\" width=\"100\" height=\"29\" \/><\/td>\n<td><a href=\"http:\/\/www.incafust.org\" target=\"_blank\">INCAFUST<\/a>&#8211; Institut Catal\u00e0 de la Fusta (Catalunya, ES)<\/td>\n<\/tr>\n<tr>\n<td><img decoding=\"async\" loading=\"lazy\" class=\"alignnone size-full wp-image-61\" alt=\"AIDIMA\" src=\"https:\/\/woodtech-project.eu\/wp-content\/uploads\/AIDIMA.jpg\" width=\"100\" height=\"66\" \/><\/td>\n<td>AIDIMA- Instituto Tecnol\u00f3gico de la Madera, el Mueble y Afines (Comunitat Valenciana, ES)<\/td>\n<\/tr>\n<tr>\n<td><img decoding=\"async\" loading=\"lazy\" class=\"alignnone size-full wp-image-64\" alt=\"CIEBI\" src=\"https:\/\/woodtech-project.eu\/wp-content\/uploads\/CIEBI.jpg\" width=\"91\" height=\"69\" \/><\/td>\n<td>CIEBI-BIC- Centro de Inova\u00e7\u00e3o Empresarial da Beira Interior (Centro, PT)<\/td>\n<\/tr>\n<tr>\n<td><img decoding=\"async\" loading=\"lazy\" class=\"alignnone size-full wp-image-62\" alt=\"HAZI\" src=\"https:\/\/woodtech-project.eu\/wp-content\/uploads\/HAZI.jpg\" width=\"100\" height=\"68\" \/><\/td>\n<td><a href=\"http:\/\/www.hazi.es\" target=\"_blank\">HAZI<\/a>&#8211; Hazi Konsultoria (Pa\u00eds Vasco, ES)<\/td>\n<\/tr>\n<tr>\n<td><img decoding=\"async\" loading=\"lazy\" class=\"alignnone size-full wp-image-65\" alt=\"ISA_logo\" src=\"https:\/\/woodtech-project.eu\/wp-content\/uploads\/ISA_logo.jpg\" width=\"100\" height=\"57\" \/><\/td>\n<td><a href=\"http:\/\/www.isa.ulisboa.pt\" target=\"_blank\">ISA <\/a>&#8211; Instituto Superior de Agronomia (Lisboa, PT)<\/td>\n<\/tr>\n<tr>\n<td><img decoding=\"async\" loading=\"lazy\" class=\"alignnone size-full wp-image-289\" alt=\"xylofutur\" src=\"https:\/\/woodtech-project.eu\/wp-content\/uploads\/xylofutur.jpg\" width=\"100\" height=\"63\" \/><\/td>\n<td>XYLOFUTUR- P\u00f4le de Comp\u00e9titivit\u00e9 Xylofutur (Aquitaine, FR)<\/td>\n<\/tr>\n<tr>\n<td><img decoding=\"async\" loading=\"lazy\" class=\"alignnone size-full wp-image-193\" alt=\"CIRAD\" src=\"https:\/\/woodtech-project.eu\/wp-content\/uploads\/CIRAD.jpg\" width=\"100\" height=\"47\" \/><\/td>\n<td>CIRAD &#8211; Centre de coop\u00e9ration Internationale en Recherche Agronomique pour le D\u00e9veloppement (Languedoc-Roussillon, FR)<\/td>\n<\/tr>\n<\/tbody>\n<\/table>\n<p><\/p>","protected":false},"excerpt":{"rendered":"<p>\u201cLos socios del proyecto son 8 instituciones de 7 regiones del espacio SUDOE de 3 pa\u00edses (Espa\u00f1a, Francia, Portugal):\u201d CTFC&#8211; Centre Tecnol\u00f2gic Forestal de Catalunya (Catalunya, ES) &#8211; L\u00edder coordinador del proyecto INCAFUST&#8211; Institut Catal\u00e0 de la Fusta (Catalunya, ES) AIDIMA- Instituto Tecnol\u00f3gico de la Madera, el Mueble y Afines (Comunitat Valenciana, ES) CIEBI-BIC- Centro [&hellip;]<\/p>\n","protected":false},"author":1,"featured_media":67,"parent":404,"menu_order":1,"comment_status":"closed","ping_status":"closed","template":"","meta":{"ngg_post_thumbnail":0},"_links":{"self":[{"href":"https:\/\/woodtech-project.eu\/index.php?rest_route=\/wp\/v2\/pages\/9"}],"collection":[{"href":"https:\/\/woodtech-project.eu\/index.php?rest_route=\/wp\/v2\/pages"}],"about":[{"href":"https:\/\/woodtech-project.eu\/index.php?rest_route=\/wp\/v2\/types\/page"}],"author":[{"embeddable":true,"href":"https:\/\/woodtech-project.eu\/index.php?rest_route=\/wp\/v2\/users\/1"}],"replies":[{"embeddable":true,"href":"https:\/\/woodtech-project.eu\/index.php?rest_route=%2Fwp%2Fv2%2Fcomments&post=9"}],"version-history":[{"count":22,"href":"https:\/\/woodtech-project.eu\/index.php?rest_route=\/wp\/v2\/pages\/9\/revisions"}],"predecessor-version":[{"id":68,"href":"https:\/\/woodtech-project.eu\/index.php?rest_route=\/wp\/v2\/pages\/9\/revisions\/68"}],"up":[{"embeddable":true,"href":"https:\/\/woodtech-project.eu\/index.php?rest_route=\/wp\/v2\/pages\/404"}],"wp:featuredmedia":[{"embeddable":true,"href":"https:\/\/woodtech-project.eu\/index.php?rest_route=\/wp\/v2\/media\/67"}],"wp:attachment":[{"href":"https:\/\/woodtech-project.eu\/index.php?rest_route=%2Fwp%2Fv2%2Fmedia&parent=9"}],"curies":[{"name":"wp","href":"https:\/\/api.w.org\/{rel}","templated":true}]}}