{"id":94,"date":"2013-01-28T15:19:34","date_gmt":"2013-01-28T15:19:34","guid":{"rendered":"http:\/\/test.ctfc.cat\/?page_id=94"},"modified":"2014-11-27T08:38:32","modified_gmt":"2014-11-27T08:38:32","slug":"eventos","status":"publish","type":"page","link":"https:\/\/woodtech-project.eu\/?page_id=94","title":{"rendered":"Eventos"},"content":{"rendered":"<p><\/p>\n<h2><b>Ferias<\/b>:<\/h2>\n<ul>\n<li>Construmat, Barcelona 2013: INCAFUST<\/li>\n<li>Eurobois, Lyon Febrero, 2014: Xylofutur<\/li>\n<li>Fimma-Maderalia, febrer 2014 Valencia: AIDIMA<\/li>\n<li>Ecobuild: Londres, marzo 2014 (fuera del espacio SUDOE)<\/li>\n<li>Tektonica 2014 (6-10 mayo Lisboa): ISA<\/li>\n<li>Feria Nacional de Agricultura junio 2014: ISA<\/li>\n<li>Carrefour de Nantes, junio 2014 CIRAD<\/li>\n<li>EGURTEK, 2-3 octubre 2014, Bilbao: Fund. HAZI<\/li>\n<li>Le salon avenir bois (Forespir). Toulouse, 4-6 noviembre 2014<\/li>\n<\/ul>\n<h2><b>Congresos :<\/b><\/h2>\n<ul>\n<li>ROK-FOR, Bruselas (B\u00e9lgica), 3 y 4 diciembre 2012. \u2013 CTFC<\/li>\n<li>Congreso del bosque cultivado, mayo 2013 (Portugal): ISA<\/li>\n<li>VII Congreso Forestal Nacional, junio 2013 (Portugal) \u2013 ISA \/ CIEBI<\/li>\n<li>VI Congreso Forestal Nacional, junio 2013 (Vitoria, Espa\u00f1a): CTFC, FUNDACI\u00d3N HAZI<\/li>\n<li>Conferencia Anual EFI, septiembre 2013 (Nancy, Francia): FUNDACI\u00d3N HAZI<\/li>\n<li>Conferencia anual de EFI en 9-13 septiembre 2014, Bilbao: Fund. HAZI<\/li>\n<li>3\u00aa convenci\u00f3n del bosque pirenaico (Foix, oto\u00f1o 2014)<\/li>\n<\/ul>\n<p><b>\u00a0<\/b><\/p>\n<h2>JTR (Jornadas de Transferencia de Resultados):<\/h2>\n<ul>\n<li>febrero 2014: JTR en el marco de la feria Fimma-Maderalia organizada por el socio beneficiario AIDIMA<\/li>\n<li>octubre 2014: 2 JTR organizadas por FORESPIR\/ARFOBOIS\/CIRAD en la regi\u00f3n de Languedoc-Roussillon<\/li>\n<li>octubre 2014. JTR organizada en Lisboa entre los socios CIEBI-BIC\/ISA<\/li>\n<li>octubre 2014. JTR organizada en Catalunya entre los socios INCAFUST\/CTFC<\/li>\n<li><a href=\"http:\/\/www.hazi.es\/images\/mail_woodtech.pdf\" target=\"_blank\">noviembre 2014. JTR organizada en Pa\u00eds Vasco por el socio FUNDACI\u00d3N HAZI, en el marco del seminario final de capitalizaci\u00f3n de resultados<\/a><\/li>\n<\/ul>\n<p><\/p>","protected":false},"excerpt":{"rendered":"<p>Ferias: Construmat, Barcelona 2013: INCAFUST Eurobois, Lyon Febrero, 2014: Xylofutur Fimma-Maderalia, febrer 2014 Valencia: AIDIMA Ecobuild: Londres, marzo 2014 (fuera del espacio SUDOE) Tektonica 2014 (6-10 mayo Lisboa): ISA Feria Nacional de Agricultura junio 2014: ISA Carrefour de Nantes, junio 2014 CIRAD EGURTEK, 2-3 octubre 2014, Bilbao: Fund. HAZI Le salon avenir bois (Forespir). Toulouse, [&hellip;]<\/p>\n","protected":false},"author":1,"featured_media":0,"parent":426,"menu_order":9,"comment_status":"closed","ping_status":"closed","template":"","meta":{"ngg_post_thumbnail":0},"_links":{"self":[{"href":"https:\/\/woodtech-project.eu\/index.php?rest_route=\/wp\/v2\/pages\/94"}],"collection":[{"href":"https:\/\/woodtech-project.eu\/index.php?rest_route=\/wp\/v2\/pages"}],"about":[{"href":"https:\/\/woodtech-project.eu\/index.php?rest_route=\/wp\/v2\/types\/page"}],"author":[{"embeddable":true,"href":"https:\/\/woodtech-project.eu\/index.php?rest_route=\/wp\/v2\/users\/1"}],"replies":[{"embeddable":true,"href":"https:\/\/woodtech-project.eu\/index.php?rest_route=%2Fwp%2Fv2%2Fcomments&post=94"}],"version-history":[{"count":16,"href":"https:\/\/woodtech-project.eu\/index.php?rest_route=\/wp\/v2\/pages\/94\/revisions"}],"predecessor-version":[{"id":665,"href":"https:\/\/woodtech-project.eu\/index.php?rest_route=\/wp\/v2\/pages\/94\/revisions\/665"}],"up":[{"embeddable":true,"href":"https:\/\/woodtech-project.eu\/index.php?rest_route=\/wp\/v2\/pages\/426"}],"wp:attachment":[{"href":"https:\/\/woodtech-project.eu\/index.php?rest_route=%2Fwp%2Fv2%2Fmedia&parent=94"}],"curies":[{"name":"wp","href":"https:\/\/api.w.org\/{rel}","templated":true}]}}

<p></p>
<h2><b>Ferias</b>:</h2>
<ul>
<li>Construmat, Barcelona 2013: INCAFUST</li>
<li>Eurobois, Lyon Febrero, 2014: Xylofutur</li>
<li>Fimma-Maderalia, febrer 2014 Valencia: AIDIMA</li>
<li>Ecobuild: Londres, marzo 2014 (fuera del espacio SUDOE)</li>
<li>Tektonica 2014 (6-10 mayo Lisboa): ISA</li>
<li>Feria Nacional de Agricultura junio 2014: ISA</li>
<li>Carrefour de Nantes, junio 2014 CIRAD</li>
<li>EGURTEK, 2-3 octubre 2014, Bilbao: Fund. HAZI</li>
<li>Le salon avenir bois (Forespir). Toulouse, 4-6 noviembre 2014</li>
</ul>
<h2><b>Congresos :</b></h2>
<ul>
<li>ROK-FOR, Bruselas (Bélgica), 3 y 4 diciembre 2012. – CTFC</li>
<li>Congreso del bosque cultivado, mayo 2013 (Portugal): ISA</li>
<li>VII Congreso Forestal Nacional, junio 2013 (Portugal) – ISA / CIEBI</li>
<li>VI Congreso Forestal Nacional, junio 2013 (Vitoria, España): CTFC, FUNDACIÓN HAZI</li>
<li>Conferencia Anual EFI, septiembre 2013 (Nancy, Francia): FUNDACIÓN HAZI</li>
<li>Conferencia anual de EFI en 9-13 septiembre 2014, Bilbao: Fund. HAZI</li>
<li>3ª convención del bosque pirenaico (Foix, otoño 2014)</li>
</ul>
<p><b> </b></p>
<h2>JTR (Jornadas de Transferencia de Resultados):</h2>
<ul>
<li>febrero 2014: JTR en el marco de la feria Fimma-Maderalia organizada por el socio beneficiario AIDIMA</li>
<li>octubre 2014: 2 JTR organizadas por FORESPIR/ARFOBOIS/CIRAD en la región de Languedoc-Roussillon</li>
<li>octubre 2014. JTR organizada en Lisboa entre los socios CIEBI-BIC/ISA</li>
<li>octubre 2014. JTR organizada en Catalunya entre los socios INCAFUST/CTFC</li>
<li><a href="http://www.hazi.es/images/mail_woodtech.pdf" target="_blank">noviembre 2014. JTR organizada en País Vasco por el socio FUNDACIÓN HAZI, en el marco del seminario final de capitalización de resultados</a></li>
</ul>
<p></p>
